3. What is the remainder when j is divided by ((-187)/88)/((-2)/16)?
15
Let p = -21 - -49. Let j = p + -4. Calculate the remainder when j is divided by 9.
6
Suppose -5*t + 2*t + 21 = 0. Suppose 33 = t*w - 72. Let b = -13 + w. What is the remainder when 2 is divided by b?
0
Let h(g) be the second derivative of 0 - 3/2*g**3 - 2*g + 1/12*g**4 - 4*g**2. Calculate the remainder when h(10) is divided by 1.
0
Let t = 341 - 319. Calculate the remainder when 93 is divided by t.
5
Suppose 20*k - 10*k - 2280 = 0. What is the remainder when k is divided by 46?
44
Suppose 4*m + 45 = 9*m. Calculate the remainder when 463 is divided by m.
4
Let q be (-10)/(-40) + 74/(-8). Let l = q - -12. Suppose -18 = -l*t + 51. Calculate the remainder when 89 is divided by t.
20
Let d(v) = v**2 - 4*v + 5. Let g be d(4). Suppose -g*z = -10*z + 30. Suppose z*h = h + 10. Calculate the remainder when 3 is divided by h.
1
Let y(q) = -5*q**2 + 2*q + 1. Let k be y(-1). Let r = -5 - k. Calculate the remainder when 6 - (-2)/(-2)*5 is divided by r.
0
Let m = -146 - -240. What is the remainder when m is divided by 19?
18
Let c(l) = -12*l + 3. Suppose 4*r - 244 = -4*p, -p = 3*r - 58 - 11. Calculate the remainder when p is divided by c(-1).
12
Let i be (-8)/3*(-12)/8. Let a(m) = -m**2 + 7*m - 6. Suppose -5*k - 5*c = -c - 43, 0 = -2*c - 6. What is the remainder when k is divided by a(i)?
5
Suppose -5*s = p - 235, 0 = 20*s - 15*s - 3*p - 255. What is the remainder when s is divided by 10?
8
Calculate the remainder when (-6)/(-9)*(-8 - 5548/(-8)) is divided by 9.
7
Suppose x - 6 = -m - 2, -20 = -5*m - 2*x. Suppose 3*l - 299 = -m*z, -z + 2*l = -2*l - 70. Calculate the remainder when z is divided by 19.
17
Suppose 3*w = -v + 4, 3*v = -2*v - w - 22. Let r = 23 + v. Calculate the remainder when 29 is divided by r.
11
Let u(q) = 18*q**2 - q - 2. Let t = -1 + 0. Calculate the remainder when 36 + t + 12/(-6) is divided by u(-1).
16
Let n be (2 - 1) + 18/6. Suppose 120 + 108 = -n*o. Calculate the remainder when o/38*(-28)/3 is divided by 4.
2
Let c = 347 + -329. What is the remainder when c is divided by 16?
2
Suppose -1530*o = -1537*o + 266. What is the remainder when o is divided by 9?
2
Let b = 215 - 181. What is the remainder when 916 is divided by b?
32
Let l(p) = p + 26. Let a be l(-6). Let v = -3 + a. Calculate the remainder when v is divided by 9.
8
Suppose h + 40 = 2*d + 14, -3*h + 57 = 3*d. Calculate the remainder when 238 is divided by d.
13
Calculate the remainder when (-8)/(-14) - (-15498)/147 - 3 is divided by 57.
46
Let d = -608 - -702. What is the remainder when d is divided by 50?
44
Let r be (-4)/26 - (-168)/78. Suppose g = -r - 1. Let s(o) = o**2 - 4*o - 1. Calculate the remainder when 58 is divided by s(g).
18
Suppose 0 = 240*j - 232*j - 136. What is the remainder when j is divided by 7?
3
Suppose l + 20*l = 420. What is the remainder when 152 is divided by l?
12
Let f = -845 - -848. What is the remainder when 17/4 + (-1)/4 is divided by f?
1
Let i(j) = 2*j**2 - 25*j + 25. Calculate the remainder when 154 is divided by i(12).
11
Suppose 391 - 567 = -11*m. What is the remainder when 364 is divided by m?
12
Suppose 4*h + 2 - 350 = 0. Calculate the remainder when h is divided by 6.
3
Let i be 221/3 + 11/33. What is the remainder when (i - 1) + (-3)/(6 - 3) is divided by 15?
12
Suppose -j - 3*k - 13 = 0, -3*k - 35 + 8 = 3*j. Let o(m) = 4*m + 38. Calculate the remainder when 24 is divided by o(j).
4
Let o(q) = 2*q**3 + 29*q**2 + 69*q + 136. Suppose -7*a + 690 = -2*a. What is the remainder when a is divided by o(-12)?
26
Let q(j) be the second derivative of j**3 + 49*j**2 - 47*j. Calculate the remainder when q(-15) is divided by 6.
2
Suppose 0 = 5*i - 13 - 32. Let q = -21 - -21. Suppose q = -j + 5*j, 4*x - 68 = -4*j. Calculate the remainder when x is divided by i.
8
Suppose -3*a = -2*a - 4. Let p be (-3)/6*(-4 + 4 + -10). Suppose -13 = -p*u + 37. What is the remainder when u is divided by a?
2
Let s = 111 - 156. Let p = s + 123. What is the remainder when p is divided by 4/(-14) + 284*1/14?
18
Suppose -5*m - 5*l + 155 = 0, 5*l = m + 3*l - 34. Calculate the remainder when 19 is divided by m/(-176) - 92/(-22).
3
Let m be 3*2/12*4. Suppose -m*w + w + 4 = 0. Suppose 69 = w*q - 59. Calculate the remainder when q is divided by 11.
10
Suppose 2*m = r + 12 + 17, m = 5*r + 1. Let p(s) = s**2 - 15*s + 8. Let i be p(10). What is the remainder when m is divided by -1*7*(-4 + (-132)/i)?
4
Suppose 4310*k = 4293*k + 255. Let h be (1 - (-8)/(-2))*-27. Let l = 139 - h. Calculate the remainder when l is divided by k.
13
Let o = 35 - 8. Suppose -j - 2*q + 5 = 0, -8*j + 3*j + 5*q + 100 = 0. What is the remainder when o is divided by j?
12
Let p(x) = x**3 + 5*x**2 - 3*x - 2. Suppose -5*r - 38 = -13. Calculate the remainder when 76 is divided by p(r).
11
Suppose x + q = -3 + 20, 0 = 5*x - 2*q - 64. Suppose b = -3*v + 5*b - 15, -2*b = -4*v - 10. Calculate the remainder when 25*-1*(0 + v) is divided by x.
11
Calculate the remainder when 2 - (-3 + 1 + -71) is divided by 4.
3
Let h be 63/(-35) - -6 - 8/(-10). Suppose -h*q = q - 510. What is the remainder when q is divided by 11?
8
Let i be (0 + 5 - 10)*(-2)/(-1). Let d(x) be the first derivative of -x**3/3 - 9*x**2/2 + 11*x - 2. What is the remainder when 3 is divided by d(i)?
0
Suppose -2*q = 45 - 237. What is the remainder when q is divided by 28?
12
Let t(w) = -9*w**2 + 41*w - 9. Suppose 5*q + 16 = 3*i - 0*q, -q - 5 = 0. Let j(k) = -k**3 - k**2 + 5*k + 3. What is the remainder when t(4) is divided by j(i)?
5
Let h be (-2)/7 + 30/7. Suppose 6*c - 74 = h*c. Let u = c - 12. What is the remainder when 97 is divided by u?
22
Suppose j - 743 = -k + 6*j, 3*k + 4*j = 2172. What is the remainder when k is divided by 10?
8
Let p(l) = -l**3 - 20*l**2 - 27*l + 1. What is the remainder when p(-20) is divided by 16?
13
Calculate the remainder when 11 is divided by (1050/300)/(14/16).
3
Let v(l) = -7*l - 3. Let j be v(-9). Suppose -5*m - d = d - 115, 3*m + 3*d - j = 0. Calculate the remainder when m is divided by 9.
7
Suppose -9*n + 3225 - 606 = 0. Calculate the remainder when n is divided by 21.
18
Let u = 182 + -133. What is the remainder when 170 is divided by u?
23
Let l(f) be the first derivative of f**2/2 - 6*f - 27. What is the remainder when 172 is divided by l(28)?
18
Let q = 1507 + -1450. Calculate the remainder when q is divided by 15.
12
Suppose -3*z + 263 = 5*k + 52, -5*k = -3*z + 191. What is the remainder when 322 is divided by z?
54
Suppose s - 3*u + 6 = -2, -5*s - 2*u - 74 = 0. Let o = s + 17. Suppose 0 = 3*h - 0*h - 5*n - 23, 2*n = -3*h + 37. What is the remainder when h is divided by o?
2
Let f(t) = -t**3 + t**2. Let k be f(-1). Let b = 7 + 1. Calculate the remainder when b is divided by 2 - (-1 + 4 + -3*k).
3
Let m(x) = x**3 - 17*x**2 - x + 38. Let h(r) = -r**2 + 10*r + 17. Let n be h(10). Calculate the remainder when 39 is divided by m(n).
18
Let f(m) = -7*m + 145. What is the remainder when f(-9) is divided by 65?
13
Suppose 142*h = 158*h - 528. What is the remainder when 194 is divided by h?
29
Let f(y) = -y**3 + 4*y**2 + y - 5. Let t be f(4). Let z(x) = -32*x - 8. Calculate the remainder when z(-3) is divided by (-15 - 0)/(0 + t).
13
Suppose 4*k - 4*h = 1460, 4*h - 7 = -23. Calculate the remainder when k is divided by 92.
85
Suppose 13*h - 11*h + 8 = 0, -5*c + h + 524 = 0. Calculate the remainder when c is divided by 35.
34
Let n = -380 + 420. What is the remainder when n is divided by 14?
12
Let z = 32 - 13. Let y = 193 - 453. Let r = -186 - y. What is the remainder when r is divided by z?
17
Suppose -p + 80 = 5*j - 4*p, 3*j + 5*p = 14. Suppose -10*u - 21 = -j*u. What is the remainder when 13 is divided by u?
6
Let n(v) = -22*v - 172. What is the remainder when 183 is divided by n(-10)?
39
Calculate the remainder when (-18)/117 + 2 + (-3317)/(-13) is divided by 43.
42
Let v(i) = i**3 - 15*i**2 + 31*i - 21. What is the remainder when v(13) is divided by 10?
4
Let w = 77 + -43. Calculate the remainder when 665/5 + (-12)/(-3) + -4 is divided by w.
31
Suppose 2*n - 256 = 56*x - 61*x, -5*x + 5*n + 235 = 0. What is the remainder when 348 is divided by x?
48
Let z(a) = -a**2 + 16*a - 37. What is the remainder when (1 - 4/2)*-12 is divided by z(3)?